{"id":6,"date":"2024-08-01T13:28:48","date_gmt":"2024-08-01T11:28:48","guid":{"rendered":"https:\/\/thefree.se\/?page_id=6"},"modified":"2024-08-02T11:36:38","modified_gmt":"2024-08-02T09:36:38","slug":"solnedgangar-och-hav","status":"publish","type":"page","link":"http:\/\/thefree.se\/","title":{"rendered":"Solnedg\u00e5ngar och hav"},"content":{"rendered":"\n<figure class=\"wp-block-image size-large\"><img loading=\"lazy\" decoding=\"async\" width=\"1024\" height=\"768\" src=\"https:\/\/thefree.se\/wp-content\/uploads\/2024\/08\/IMG_5088-1024x768.jpeg\" alt=\"\" class=\"wp-image-7\" srcset=\"http:\/\/thefree.se\/wp-content\/uploads\/2024\/08\/IMG_5088-1024x768.jpeg 1024w, http:\/\/thefree.se\/wp-content\/uploads\/2024\/08\/IMG_5088-300x225.jpeg 300w, http:\/\/thefree.se\/wp-content\/uploads\/2024\/08\/IMG_5088-768x576.jpeg 768w, http:\/\/thefree.se\/wp-content\/uploads\/2024\/08\/IMG_5088-1536x1152.jpeg 1536w, http:\/\/thefree.se\/wp-content\/uploads\/2024\/08\/IMG_5088-2048x1536.jpeg 2048w, http:\/\/thefree.se\/wp-content\/uploads\/2024\/08\/IMG_5088-540x405.jpeg 540w, http:\/\/thefree.se\/wp-content\/uploads\/2024\/08\/IMG_5088-1080x810.jpeg 1080w, http:\/\/thefree.se\/wp-content\/uploads\/2024\/08\/IMG_5088-1980x1485.jpeg 1980w\" sizes=\"(max-width: 1024px) 100vw, 1024px\" \/><\/figure>\n\n\n\n<figure class=\"wp-block-pullquote\"><blockquote><p>Kustv\u00e4gen bjuder p\u00e5 fantastisk \u00d6landsnatur och solnedg\u00e5ngar<\/p><cite>En ringlande v\u00e4g l\u00e4ngs med kusten fr\u00e5n \u00c4leklinta i s\u00f6der hela v\u00e4gen upp till Byrumsstrand bjuder p\u00e5 en underbar str\u00e4cka att cykla eller att ta med sig en kv\u00e4llspickning f\u00f6r att njuta av en solnedg\u00e5ng \u00f6ver kalmarsund.<\/cite><\/blockquote><\/figure>\n","protected":false},"excerpt":{"rendered":"<p>Kustv\u00e4gen bjuder p\u00e5 fantastisk \u00d6landsnatur och solnedg\u00e5ngar En ringlande v\u00e4g l\u00e4ngs med kusten fr\u00e5n \u00c4leklinta i s\u00f6der hela v\u00e4gen upp till Byrumsstrand bjuder p\u00e5 en underbar str\u00e4cka att&hellip;<\/p>\n","protected":false},"author":1,"featured_media":0,"parent":0,"menu_order":0,"comment_status":"closed","ping_status":"closed","template":"","meta":{"_monsterinsights_skip_tracking":false,"_monsterinsights_sitenote_active":false,"_monsterinsights_sitenote_note":"","_monsterinsights_sitenote_category":0,"footnotes":""},"class_list":["post-6","page","type-page","status-publish","has-post-thumbnail","hentry"],"yoast_head":"<!-- This site is optimized with the Yoast SEO plugin v23.1 - https:\/\/yoast.com\/wordpress\/plugins\/seo\/ -->\n<title>Solnedg\u00e5ngar och hav - thefree.se<\/title>\n<meta name=\"robots\" content=\"noindex, nofollow\" \/>\n<meta property=\"og:locale\" content=\"sv_SE\" \/>\n<meta property=\"og:type\" content=\"article\" \/>\n<meta property=\"og:title\" content=\"Solnedg\u00e5ngar och hav - thefree.se\" \/>\n<meta property=\"og:description\" content=\"Kustv\u00e4gen bjuder p\u00e5 fantastisk \u00d6landsnatur och solnedg\u00e5ngar En ringlande v\u00e4g l\u00e4ngs med kusten fr\u00e5n \u00c4leklinta i s\u00f6der hela v\u00e4gen upp till Byrumsstrand bjuder p\u00e5 en underbar str\u00e4cka att&hellip;\" \/>\n<meta property=\"og:url\" content=\"http:\/\/thefree.se\/\" \/>\n<meta property=\"og:site_name\" content=\"thefree.se\" \/>\n<meta property=\"article:modified_time\" content=\"2024-08-02T09:36:38+00:00\" \/>\n<meta property=\"og:image\" content=\"https:\/\/thefree.se\/wp-content\/uploads\/2024\/08\/IMG_5088-1024x768.jpeg\" \/>\n<meta name=\"twitter:card\" content=\"summary_large_image\" \/>\n<meta name=\"twitter:label1\" content=\"Ber\u00e4knad l\u00e4stid\" \/>\n\t<meta name=\"twitter:data1\" content=\"1 minut\" \/>\n<script type=\"application\/ld+json\" class=\"yoast-schema-graph\">{\"@context\":\"https:\/\/schema.org\",\"@graph\":[{\"@type\":\"WebPage\",\"@id\":\"http:\/\/thefree.se\/\",\"url\":\"http:\/\/thefree.se\/\",\"name\":\"Solnedg\u00e5ngar och hav - thefree.se\",\"isPartOf\":{\"@id\":\"http:\/\/thefree.se\/#website\"},\"primaryImageOfPage\":{\"@id\":\"http:\/\/thefree.se\/#primaryimage\"},\"image\":{\"@id\":\"http:\/\/thefree.se\/#primaryimage\"},\"thumbnailUrl\":\"https:\/\/thefree.se\/wp-content\/uploads\/2024\/08\/IMG_5088-1024x768.jpeg\",\"datePublished\":\"2024-08-01T11:28:48+00:00\",\"dateModified\":\"2024-08-02T09:36:38+00:00\",\"breadcrumb\":{\"@id\":\"http:\/\/thefree.se\/#breadcrumb\"},\"inLanguage\":\"sv-SE\",\"potentialAction\":[{\"@type\":\"ReadAction\",\"target\":[\"http:\/\/thefree.se\/\"]}]},{\"@type\":\"ImageObject\",\"inLanguage\":\"sv-SE\",\"@id\":\"http:\/\/thefree.se\/#primaryimage\",\"url\":\"http:\/\/thefree.se\/wp-content\/uploads\/2024\/08\/IMG_5088-scaled.jpeg\",\"contentUrl\":\"http:\/\/thefree.se\/wp-content\/uploads\/2024\/08\/IMG_5088-scaled.jpeg\",\"width\":2560,\"height\":1920},{\"@type\":\"BreadcrumbList\",\"@id\":\"http:\/\/thefree.se\/#breadcrumb\",\"itemListElement\":[{\"@type\":\"ListItem\",\"position\":1,\"name\":\"Home\",\"item\":\"http:\/\/thefree.se\/\"},{\"@type\":\"ListItem\",\"position\":2,\"name\":\"Solnedg\u00e5ngar och hav\"}]},{\"@type\":\"WebSite\",\"@id\":\"http:\/\/thefree.se\/#website\",\"url\":\"http:\/\/thefree.se\/\",\"name\":\"thefree.se\",\"description\":\"\",\"potentialAction\":[{\"@type\":\"SearchAction\",\"target\":{\"@type\":\"EntryPoint\",\"urlTemplate\":\"http:\/\/thefree.se\/?s={search_term_string}\"},\"query-input\":\"required name=search_term_string\"}],\"inLanguage\":\"sv-SE\"}]}<\/script>\n<!-- \/ Yoast SEO plugin. -->","yoast_head_json":{"title":"Solnedg\u00e5ngar och hav - thefree.se","robots":{"index":"noindex","follow":"nofollow"},"og_locale":"sv_SE","og_type":"article","og_title":"Solnedg\u00e5ngar och hav - thefree.se","og_description":"Kustv\u00e4gen bjuder p\u00e5 fantastisk \u00d6landsnatur och solnedg\u00e5ngar En ringlande v\u00e4g l\u00e4ngs med kusten fr\u00e5n \u00c4leklinta i s\u00f6der hela v\u00e4gen upp till Byrumsstrand bjuder p\u00e5 en underbar str\u00e4cka att&hellip;","og_url":"http:\/\/thefree.se\/","og_site_name":"thefree.se","article_modified_time":"2024-08-02T09:36:38+00:00","og_image":[{"url":"https:\/\/thefree.se\/wp-content\/uploads\/2024\/08\/IMG_5088-1024x768.jpeg"}],"twitter_card":"summary_large_image","twitter_misc":{"Ber\u00e4knad l\u00e4stid":"1 minut"},"schema":{"@context":"https:\/\/schema.org","@graph":[{"@type":"WebPage","@id":"http:\/\/thefree.se\/","url":"http:\/\/thefree.se\/","name":"Solnedg\u00e5ngar och hav - thefree.se","isPartOf":{"@id":"http:\/\/thefree.se\/#website"},"primaryImageOfPage":{"@id":"http:\/\/thefree.se\/#primaryimage"},"image":{"@id":"http:\/\/thefree.se\/#primaryimage"},"thumbnailUrl":"https:\/\/thefree.se\/wp-content\/uploads\/2024\/08\/IMG_5088-1024x768.jpeg","datePublished":"2024-08-01T11:28:48+00:00","dateModified":"2024-08-02T09:36:38+00:00","breadcrumb":{"@id":"http:\/\/thefree.se\/#breadcrumb"},"inLanguage":"sv-SE","potentialAction":[{"@type":"ReadAction","target":["http:\/\/thefree.se\/"]}]},{"@type":"ImageObject","inLanguage":"sv-SE","@id":"http:\/\/thefree.se\/#primaryimage","url":"http:\/\/thefree.se\/wp-content\/uploads\/2024\/08\/IMG_5088-scaled.jpeg","contentUrl":"http:\/\/thefree.se\/wp-content\/uploads\/2024\/08\/IMG_5088-scaled.jpeg","width":2560,"height":1920},{"@type":"BreadcrumbList","@id":"http:\/\/thefree.se\/#breadcrumb","itemListElement":[{"@type":"ListItem","position":1,"name":"Home","item":"http:\/\/thefree.se\/"},{"@type":"ListItem","position":2,"name":"Solnedg\u00e5ngar och hav"}]},{"@type":"WebSite","@id":"http:\/\/thefree.se\/#website","url":"http:\/\/thefree.se\/","name":"thefree.se","description":"","potentialAction":[{"@type":"SearchAction","target":{"@type":"EntryPoint","urlTemplate":"http:\/\/thefree.se\/?s={search_term_string}"},"query-input":"required name=search_term_string"}],"inLanguage":"sv-SE"}]}},"_links":{"self":[{"href":"http:\/\/thefree.se\/index.php?rest_route=\/wp\/v2\/pages\/6"}],"collection":[{"href":"http:\/\/thefree.se\/index.php?rest_route=\/wp\/v2\/pages"}],"about":[{"href":"http:\/\/thefree.se\/index.php?rest_route=\/wp\/v2\/types\/page"}],"author":[{"embeddable":true,"href":"http:\/\/thefree.se\/index.php?rest_route=\/wp\/v2\/users\/1"}],"replies":[{"embeddable":true,"href":"http:\/\/thefree.se\/index.php?rest_route=%2Fwp%2Fv2%2Fcomments&post=6"}],"version-history":[{"count":2,"href":"http:\/\/thefree.se\/index.php?rest_route=\/wp\/v2\/pages\/6\/revisions"}],"predecessor-version":[{"id":9,"href":"http:\/\/thefree.se\/index.php?rest_route=\/wp\/v2\/pages\/6\/revisions\/9"}],"wp:attachment":[{"href":"http:\/\/thefree.se\/index.php?rest_route=%2Fwp%2Fv2%2Fmedia&parent=6"}],"curies":[{"name":"wp","href":"https:\/\/api.w.org\/{rel}","templated":true}]}}

Solnedgångar och hav

<figure class="wp-block-image size-large"><img loading="lazy" decoding="async" width="1024" height="768" src="https://thefree.se/wp-content/uploads/2024/08/IMG_5088-1024x768.jpeg" alt="" class="wp-image-7" srcset="http://thefree.se/wp-content/uploads/2024/08/IMG_5088-1024x768.jpeg 1024w, http://thefree.se/wp-content/uploads/2024/08/IMG_5088-300x225.jpeg 300w, http://thefree.se/wp-content/uploads/2024/08/IMG_5088-768x576.jpeg 768w, http://thefree.se/wp-content/uploads/2024/08/IMG_5088-1536x1152.jpeg 1536w, http://thefree.se/wp-content/uploads/2024/08/IMG_5088-2048x1536.jpeg 2048w, http://thefree.se/wp-content/uploads/2024/08/IMG_5088-540x405.jpeg 540w, http://thefree.se/wp-content/uploads/2024/08/IMG_5088-1080x810.jpeg 1080w, http://thefree.se/wp-content/uploads/2024/08/IMG_5088-1980x1485.jpeg 1980w" sizes="(max-width: 1024px) 100vw, 1024px" /></figure>



<figure class="wp-block-pullquote"><blockquote><p>Kustvägen bjuder på fantastisk Ölandsnatur och solnedgångar</p><cite>En ringlande väg längs med kusten från Äleklinta i söder hela vägen upp till Byrumsstrand bjuder på en underbar sträcka att cykla eller att ta med sig en kvällspickning för att njuta av en solnedgång över kalmarsund.</cite></blockquote></figure>

<p>Kustvägen bjuder på fantastisk Ölandsnatur och solnedgångar En ringlande väg längs med kusten från Äleklinta i söder hela vägen upp till Byrumsstrand bjuder på en underbar sträcka att&hellip;</p>

<!-- This site is optimized with the Yoast SEO plugin v23.1 - https://yoast.com/wordpress/plugins/seo/ -->
<title>Solnedgångar och hav - thefree.se</title>
<meta name="robots" content="noindex, nofollow" />
<meta property="og:locale" content="sv_SE" />
<meta property="og:type" content="article" />
<meta property="og:title" content="Solnedgångar och hav - thefree.se" />
<meta property="og:description" content="Kustvägen bjuder på fantastisk Ölandsnatur och solnedgångar En ringlande väg längs med kusten från Äleklinta i söder hela vägen upp till Byrumsstrand bjuder på en underbar sträcka att&hellip;" />
<meta property="og:url" content="http://thefree.se/" />
<meta property="og:site_name" content="thefree.se" />
<meta property="article:modified_time" content="2024-08-02T09:36:38+00:00" />
<meta property="og:image" content="https://thefree.se/wp-content/uploads/2024/08/IMG_5088-1024x768.jpeg" />
<meta name="twitter:card" content="summary_large_image" />
<meta name="twitter:label1" content="Beräknad lästid" />
	<meta name="twitter:data1" content="1 minut" />
<script type="application/ld+json" class="yoast-schema-graph">{"@context":"https://schema.org","@graph":[{"@type":"WebPage","@id":"http://thefree.se/","url":"http://thefree.se/","name":"Solnedgångar och hav - thefree.se","isPartOf":{"@id":"http://thefree.se/#website"},"primaryImageOfPage":{"@id":"http://thefree.se/#primaryimage"},"image":{"@id":"http://thefree.se/#primaryimage"},"thumbnailUrl":"https://thefree.se/wp-content/uploads/2024/08/IMG_5088-1024x768.jpeg","datePublished":"2024-08-01T11:28:48+00:00","dateModified":"2024-08-02T09:36:38+00:00","breadcrumb":{"@id":"http://thefree.se/#breadcrumb"},"inLanguage":"sv-SE","potentialAction":[{"@type":"ReadAction","target":["http://thefree.se/"]}]},{"@type":"ImageObject","inLanguage":"sv-SE","@id":"http://thefree.se/#primaryimage","url":"http://thefree.se/wp-content/uploads/2024/08/IMG_5088-scaled.jpeg","contentUrl":"http://thefree.se/wp-content/uploads/2024/08/IMG_5088-scaled.jpeg","width":2560,"height":1920},{"@type":"BreadcrumbList","@id":"http://thefree.se/#breadcrumb","itemListElement":[{"@type":"ListItem","position":1,"name":"Home","item":"http://thefree.se/"},{"@type":"ListItem","position":2,"name":"Solnedgångar och hav"}]},{"@type":"WebSite","@id":"http://thefree.se/#website","url":"http://thefree.se/","name":"thefree.se","description":"","potentialAction":[{"@type":"SearchAction","target":{"@type":"EntryPoint","urlTemplate":"http://thefree.se/?s={search_term_string}"},"query-input":"required name=search_term_string"}],"inLanguage":"sv-SE"}]}</script>
<!-- / Yoast SEO plugin. -->

Solnedgångar och hav - thefree.se

Kustvägen bjuder på fantastisk Ölandsnatur och solnedgångar En ringlande väg längs med kusten från Äleklinta i söder hela vägen upp till Byrumsstrand bjuder på en underbar sträcka att&hellip;
